 101
Let k(o) = 2*o**3 - o**2 - 11*o + 1. What are the prime factors of k(9)?
1279
Suppose -5*o + 3*h + 92 + 1037 = 0, 217 = o - 5*h. List the prime factors of o.
227
Let p(z) = z**3 + 11*z**2 + 9*z - 4. Let v(f) = -f**2 + 10*f - 8. Let q be v(9). Let k(m) = -11*m**2 + m. Let s be k(q). What are the prime factors of p(s)?
2, 3
Suppose 2 = b + t, -b - 3 + 5 = 3*t. Suppose 0 = 4*g - p - 16, -2*p = g - 6*p + 11. Suppose -g*j + y + 43 = -b*y, -j + 3*y = -11. List the prime factors of j.
2
Suppose -2*g + l + 5550 = 0, 0 = 4*g - 2*g - 4*l - 5562. List the prime factors of g.
47, 59
Let l(c) = 2*c**2 + 64*c - 93. What are the prime factors of l(26)?
37, 79
Let w = -304 + 1035. Suppose -2*o + 358 = 2*n, n = -o + 5*o - w. List the prime factors of o.
2, 7, 13
Let l(t) = -43*t - 26. What are the prime factors of l(-12)?
2, 5, 7
Let s be (9/(-1))/((-9)/12). Let m be (-164)/(-10) + s/(-30). List the prime factors of m/(-12)*(-7 - 2).
2, 3
Suppose -2*b + b + 2 = 0. Suppose 5*f + 1 = -3*q - b, -3 = f. Let w = 3 + q. List the prime factors of w.
7
Let z(r) = -10*r**3 - r**2 + 6*r - 1. What are the prime factors of z(-3)?
2, 11
Let v be (59/(-4))/((-8)/288). Let c = -342 + v. List the prime factors of c.
3, 7
Let c(a) be the first derivative of -a**4/4 + 4*a**3/3 - 3*a**2/2 + 2*a - 53. What are the prime factors of c(3)?
2
Suppose 0 = -16*d - 29*d + 84510. List the prime factors of d.
2, 3, 313
Let w be ((-24)/(-10))/(2/(-25)). What are the prime factors of (-244)/(-3) - w/45?
2, 41
Suppose -4*v + 2869 + 3365 = -2*d, 3099 = 2*v + 5*d. What are the prime factors of v?
3, 173
Let n(d) = -d**3 - 26*d**2 - 81*d - 58. List the prime factors of n(-24).
2, 367
Let p(n) = 5*n - 2. Let d be p(1). Suppose -7*h + d*h = 60. List the prime factors of ((-590)/h)/(4/6).
59
Suppose 23*k - 21*k - 2*o - 2416 = 0, k - 1220 = -3*o. What are the prime factors of k?
7, 173
Let v(g) = g**2 + 2*g - 4. Suppose 2*h = 2*n + n - 4, -h - 4*n + 20 = 0. Let d be -2*1/(h/10). What are the prime factors of v(d)?
11
Let w be 1*(-4)/2 - 31. Let g = 32 + w. List the prime factors of 8 - 11 - (g + -32).
2, 3, 5
Suppose 3*h - 4*s - 2 = 2*h, -h + 2 = -3*s. Suppose q + h*d - 199 = -0*q, 775 = 4*q + d. List the prime factors of q.
193
Suppose -3*u - t - 2*t = -1782, -2331 = -4*u + 5*t. What are the prime factors of u?
19, 31
Suppose -4549 = -5*r + 2*t, -5*r = 4*t - 3517 - 1020. What are the prime factors of r?
3, 101
Suppose -4*h - q + 3*q + 2020 = 0, -4*q = 0. What are the prime factors of h?
5, 101
What are the prime factors of ((-29)/3)/(2/(-36))?
2, 3, 29
Let a(d) = d**3 - 12*d**2 - 24*d + 41. List the prime factors of a(18).
1553
Suppose 5*u - 1854 = 1226. List the prime factors of u.
2, 7, 11
Let q(x) = 5*x - 6. Let l be q(24). Suppose 38*w = 36*w + l. List the prime factors of w.
3, 19
Let c be (3/2)/(15/(-100)). What are the prime factors of 3/6*5/(c/(-24))?
2, 3
Suppose -d - 5*d + 24 = 0. Suppose -3*t - t - d*f = -132, f + 29 = t. List the prime factors of t.
31
List the prime factors of (-263)/((-2)/7 - 90/126).
263
Suppose 5*c = 7 + 373. Suppose -346 + c = 5*p. What are the prime factors of 9/p - (-43)/6?
7
Let o(t) = -t**3 - 3*t**2 + 17*t. Let n be o(-6). Suppose 6*k = -n*k + 216. What are the prime factors of k?
2, 3
What are the prime factors of 5/(-15)*(-16 - 3890)?
2, 3, 7, 31
List the prime factors of 242/4*(-135)/27*-6.
3, 5, 11
Let f(o) = -10 + 17 + 5 + o + 10. Let d be f(-9). Suppose -1 = 3*n - d. What are the prime factors of n?
2
Let z be 59 - (1 - 0/3). Suppose -5*q + z = -4*q. What are the prime factors of q?
2, 29
Suppose -12*k + 13875 = 2583. What are the prime factors of k?
941
Let a(k) = -k**2 - 56*k + 1. List the prime factors of a(-17).
2, 83
Suppose -4*q + 2*c = 3*c - 2884, 3*q - 2148 = 3*c. List the prime factors of q.
2, 3, 5
Let o(t) = -9*t + 7. Let s(q) = -4*q + 3. Let x(y) = 2*o(y) - 5*s(y). Let f be x(-9). Let p = 35 + f. List the prime factors of p.
2
Suppose -3*f + 1 + 5 = 0. What are the prime factors of (f - 0)*(-462)/(-12)?
7, 11
Suppose 8540 = d + 27*d. What are the prime factors of d?
5, 61
Suppose 0 = 5*k - k. Suppose 3*v + 2*a - 77 = 17, k = -4*a + 8. Suppose 3*g + 2*o = v, -g + 5*o = 4 - 14. What are the prime factors of g?
2, 5
List the prime factors of (20/(-3))/(-5)*(-15171)/(-52).
389
Let k(i) = -i**3 + 8*i**2 - 6*i - 2. Let b be k(7). Suppose -l + 95 = -5*y, -b*l - 3*y + 331 + 60 = 0. List the prime factors of l.
2, 5
Let p = -4259 - -7923. What are the prime factors of p?
2, 229
Suppose -15*c - 2 = -16*c. Suppose -2*k + c*z + 92 = 0, -4*z + 65 = k - 1. What are the prime factors of k?
2, 5
Suppose -4*x - 6366 = -5*f - 511, 5*x - 5900 = -5*f. What are the prime factors of f?
5, 47
List the prime factors of ((-1479)/3)/((-4)/(5 + -1)).
17, 29
Let k(a) = a**3 + 13*a**2 + 5*a + 7. Let p be k(-6). Suppose p = h + 4*h - 3*n, -4*n + 55 = h. Suppose -2*g = -g - h. What are the prime factors of g?
47
Suppose 3*h - 1 = -2*p + 1, -4*h - p + 6 = 0. Suppose 0 = -h*s + s + 5*k + 22, -2*k - 28 = -2*s. What are the prime factors of s?
2, 3
List the prime factors of 0 - 6 - (34 - 960).
2, 5, 23
Suppose 0 = o - 3*w + 105, -2*o + 2*w - 211 + 21 = 0. Let g = o - -149. What are the prime factors of g?
59
Suppose -z - 20 = -5*z. Suppose -193 = -z*t + 3*f, 4*t - 157 + 9 = 4*f. What are the prime factors of t?
41
What are the prime factors of 46/4*22/(-3)*-3?
11, 23
Suppose -19 + 3 = 4*m, -8 = 2*t + 4*m. Suppose -t*b = 2*b - 66. List the prime factors of b.
11
Let m(h) = -5*h**3 + 13*h**2 - 11*h + 20. Let d(s) = -s**3 + s + 1. Let k(q) = 4*d(q) - m(q). Let v be k(12). Let z = v + -13. What are the prime factors of z?
7
Let a be ((0 - 3) + -9)*-2. Let k = 202 - a. List the prime factors of k.
2, 89
Suppose -3*w - 2*w = 5*z - 30, 5*z - 2*w - 9 = 0. Suppose 3*x - 390 = -2*u, 0 = 3*x + u - z*u - 402. What are the prime factors of x?
2, 3, 11
Let m(k) = -31*k + 3. Let c be m(-2). Let v be 30/105 + c/(-7). Let h(g) = g**3 + 10*g**2 + 6*g. List the prime factors of h(v).
3
Suppose -2*v = z + 11, 3*v - 10 = -5*z + 6*v. Let y be z/(-2) + 21/(-6). Let b(c) = -c**2 - 6*c - 2. What are the prime factors of b(y)?
7
List the prime factors of 1307/4 + 33/(-44).
2, 163
Suppose -12 = -2*p - 2*p. Suppose y - p = -0. Suppose -4*z - 5*m + 59 = -0*m, y*m = -3. List the prime factors of z.
2
Suppose 3*g - 6 = 4*t + 7, -g + 5 = -2*t. Suppose g*n - 7*n = -84. What are the prime factors of n?
3, 7
Let w(g) = -46*g + 36. Let y(o) = -23*o + 18. Let b(p) = -3*w(p) + 5*y(p). What are the prime factors of b(3)?
3, 17
Suppose 5*h - 1837 = 3*y, 1214 = 4*h + 2*y - 260. List the prime factors of h.
2, 23
Suppose i - 6*i = n - 70, -n + 34 = -4*i. Suppose -3*p + 67 = -n. What are the prime factors of p?
3, 13
Let s = 2143 + -1040. List the prime factors of s.
1103
Let y(k) = k**2 + 2*k + 13. Let d be y(-10). Suppose -2*m + 293 = d. List the prime factors of m.
2, 5
Suppose -63*u = 5*d - 58*u - 2705, -3*u = -4*d + 2157. What are the prime factors of d?
2, 3, 5
Let t be (-1)/(2/(-4 + 0)). Suppose -t*o + 1 = -9. Suppose -3*f - o*y + 70 = -2*f, -f = -3*y - 46. List the prime factors of f.
5, 11
Let y = -36 - -36. Suppose n + i - 7 - 7 = y, 4*n - 36 = i. List the prime factors of n.
2, 5
Let p(h) = 8*h - 5 + h**2 - 6*h + 4*h. Let f be p(5). Suppose -2*u + 7*u = f. What are the prime factors of u?
2, 5
Suppose 0 = -3*d - 4*d + 476. Let q = d - 28. List the prime factors of q.
2, 5
Let h = 21 - 15. Suppose 0 = 2*t - h*t + 132. List the prime factors of t.
3, 11
Suppose -18*a + 57438 - 2016 = 0. What are the prime factors of a?
3079
Suppose -5*c + 15969 = -941. What are the prime factors of c?
2, 19, 89
Let o(d) = 86*d - 61. What are the prime factors of o(30)?
11, 229
Let w be 22/2 + 6/(-3). Suppose 4*m + w = -15. What are the prime factors of 0 - -22 - (7 + m)?
3, 7
Let x(c) = 21*c**2 + 6*c + 57. List the prime factors of x(7).
2, 3, 47
Suppose -166 = 3*z - 2*z. Let v = -108 - z. List the prime factors of v.
2, 29
Let z(t) = t**2 + 9*t - 5. Let v be z(-10). Suppose 8*g - 195 = v*g. What are the prime factors of g?
5, 13
Let p(h) = -91*h - 1. Let x be p(-1). Suppose 4*l + 3*v + 48 = -v, 5*l - v = -x. Let t = l + 37. What are the prime factors of t?
2, 5
List the prime factors of 912*(51/(-9) + (5 - -1)).
2, 